{"id":3912,"date":"2026-03-20T07:47:21","date_gmt":"2026-03-20T06:47:21","guid":{"rendered":"https:\/\/vargawebstudio.hu\/wpuj\/?page_id=3912"},"modified":"2026-03-20T07:47:25","modified_gmt":"2026-03-20T06:47:25","slug":"rolunk","status":"publish","type":"page","link":"https:\/\/vargawebstudio.hu\/wpuj\/rolunk\/","title":{"rendered":"R\u00f3lunk"},"content":{"rendered":"<p>[et_pb_section fb_built=&#8221;1&#8243; admin_label=&#8221;section&#8221; _builder_version=&#8221;4.16&#8243; global_colors_info=&#8221;{}&#8221; theme_builder_area=&#8221;post_content&#8221;][et_pb_row column_structure=&#8221;1_2,1_2&#8243; admin_label=&#8221;row&#8221; _builder_version=&#8221;4.16&#8243; background_size=&#8221;initial&#8221; background_position=&#8221;top_left&#8221; background_repeat=&#8221;repeat&#8221; global_colors_info=&#8221;{}&#8221; theme_builder_area=&#8221;post_content&#8221;][et_pb_column type=&#8221;1_2&#8243; _builder_version=&#8221;4.16&#8243; custom_padding=&#8221;|||&#8221; global_colors_info=&#8221;{}&#8221; custom_padding__hover=&#8221;|||&#8221; theme_builder_area=&#8221;post_content&#8221;][et_pb_heading title=&#8221;Napsug\u00e1r Hotel Orosh\u00e1za Gyop\u00e1rosf\u00fcrd\u0151 &#8221; admin_label=&#8221;R\u00f3lunk&#8221; _builder_version=&#8221;4.27.6&#8243; _module_preset=&#8221;default&#8221; hover_enabled=&#8221;0&#8243; global_colors_info=&#8221;{}&#8221; theme_builder_area=&#8221;post_content&#8221; sticky_enabled=&#8221;0&#8243;][\/et_pb_heading][et_pb_text _builder_version=&#8221;4.27.6&#8243; _module_preset=&#8221;default&#8221; hover_enabled=&#8221;0&#8243; global_colors_info=&#8221;{}&#8221; theme_builder_area=&#8221;post_content&#8221; sticky_enabled=&#8221;0&#8243;]<\/p>\n<p>Sok szeretettel \u00fcdv\u00f6z\u00f6lj\u00fck \u00d6nt a <strong>Napsug\u00e1r Hotel Orosh\u00e1za Gyop\u00e1rosf\u00fcrd\u0151<\/strong> weboldal\u00e1n. A Gyop\u00e1rosi t\u00f3 \u00e9s k\u00f6rny\u00e9k\u00e9nek leny\u0171g\u00f6z\u0151 sz\u00e9ps\u00e9ge, a t\u00f3 viz\u00e9nek \u201egy\u00f3gy\u00edt\u00f3 ereje\u201d lassan m\u00e1sf\u00e9l \u00e9vsz\u00e1zada cs\u00e1b\u00edtja ide a f\u00fcrd\u0151zni, gy\u00f3gyulni v\u00e1gy\u00f3kat. A t\u00f6rt\u00e9nelmi id\u0151kre visszatekint\u0151, s a jelenkori fejleszt\u00e9seknek k\u00f6sz\u00f6nhet\u0151en Gyop\u00e1rosf\u00fcrd\u0151 ma a D\u00e9l-Alf\u00f6ld, s t\u00falz\u00e1s n\u00e9lk\u00fcl \u00e1ll\u00edthatjuk, az orsz\u00e1g egyik kiemelt jelent\u0151s\u00e9g\u0171, a turist\u00e1k k\u00f6r\u00e9ben rendk\u00edv\u00fcl kedvelt f\u00fcrd\u0151helye.<\/p>\n<p>Az Alf\u00f6ld gy\u00f6ngyszemek\u00e9nt emlegetett Gyop\u00e1rosf\u00fcrd\u0151 egyszerre strand, \u00e9lm\u00e9nyf\u00fcrd\u0151, gy\u00f3gyf\u00fcrd\u0151, sportk\u00f6zpont \u00e9s szabadv\u00edzi programokat k\u00edn\u00e1l\u00f3, gy\u00f6ny\u00f6r\u0171 term\u00e9szeti \u00e9rt\u00e9k, mely t\u00e9len-ny\u00e1ron kiv\u00e1l\u00f3 kikapcsol\u00f3d\u00e1st ny\u00fajt feln\u0151tteknek \u00e9s gyerekeknek egyar\u00e1nt. <\/p>\n<p>Gyop\u00e1rosf\u00fcrd\u0151 sz\u00e1ll\u00e1s tekintet\u00e9ben is soksz\u00edn\u0171. A napsug\u00e1r hotel Orosh\u00e1za vend\u00e9gszeretet\u00e9vel, moder\u00e1lt \u00e1raival igyekszik a vend\u00e9gek megel\u00e9ged\u00e9s\u00e9re szolg\u00e1lni. <\/p>\n<p>A 2002-ben meg\u00e9p\u00edtett fedett \u00e9s f\u0171t\u00f6tt folyos\u00f3n a <strong>Napsug\u00e1r Hotel Gyop\u00e1rosf\u00fcrd\u0151<\/strong> vend\u00e9gei 1 f\u00fcrd\u0151k\u00f6nt\u00f6sben eg\u00e9sz \u00e9vben k\u00e9nyelmesen \u00e1ts\u00e9t\u00e1lhatnak a gyop\u00e1rosi f\u00fcrd\u0151be.<\/p>\n<p>A <strong>Napsug\u00e1r Hotel Gyop\u00e1rosf\u00fcrd\u0151<\/strong> \u00e9tterm\u00e9ben reggelivel, eb\u00e9ddel \u00e9s vacsor\u00e1val v\u00e1rjuk a n\u00e1lunk megsz\u00e1ll\u00f3 \u00e9s a sz\u00e1ll\u00e1s n\u00e9lk\u00fcli vend\u00e9geket is.<\/p>\n<p><strong>\u00d6nt is v\u00e1rja a Napug\u00e1r Hotel Gyop\u00e1rosf\u00fcrd\u0151!<\/strong><\/p>\n<p>Kellemes pihen\u00e9st \u00e9s kikapcsol\u00f3d\u00e1st k\u00edv\u00e1nunk! Mert n\u00e1lunk a vend\u00e9g az els\u0151! <\/p>\n<\/p>\n<p>Bazs\u00f3 J\u00f3zsef\u00a0<br \/><strong>Napsug\u00e1r Hotel Gyop\u00e1rosf\u00fcrd\u0151<\/strong> sz\u00e1llodavezet\u0151<\/p>\n<p>napsug\u00e1r hotel gyop\u00e1rosf\u00fcrd\u0151\u00a0 | gyop\u00e1rosf\u00fcrd\u0151 sz\u00e1ll\u00e1s | napsug\u00e1r hotel orosh\u00e1za | gyop\u00e1rosf\u00fcrd\u0151 hotel\u00a0 |orosh\u00e1za sz\u00e1ll\u00e1s<\/p>\n<p>[\/et_pb_text][\/et_pb_column][et_pb_column type=&#8221;1_2&#8243; _builder_version=&#8221;4.16&#8243; custom_padding=&#8221;|||&#8221; global_colors_info=&#8221;{}&#8221; custom_padding__hover=&#8221;|||&#8221; theme_builder_area=&#8221;post_content&#8221;][et_pb_image src=&#8221;https:\/\/vargawebstudio.hu\/wpuj\/wp-content\/uploads\/2026\/03\/napsugarhorel.jpg&#8221; title_text=&#8221;napsugarhorel&#8221; _builder_version=&#8221;4.27.6&#8243; _module_preset=&#8221;default&#8221; hover_enabled=&#8221;0&#8243; global_colors_info=&#8221;{}&#8221; theme_builder_area=&#8221;post_content&#8221; sticky_enabled=&#8221;0&#8243;][\/et_pb_image][\/et_pb_column][\/et_pb_row][\/et_pb_section]<\/p>\n","protected":false},"excerpt":{"rendered":"<p>Sok szeretettel \u00fcdv\u00f6z\u00f6lj\u00fck \u00d6nt a Napsug\u00e1r Hotel Orosh\u00e1za Gyop\u00e1rosf\u00fcrd\u0151 weboldal\u00e1n. A Gyop\u00e1rosi t\u00f3 \u00e9s k\u00f6rny\u00e9k\u00e9nek leny\u0171g\u00f6z\u0151 sz\u00e9ps\u00e9ge, a t\u00f3 viz\u00e9nek \u201egy\u00f3gy\u00edt\u00f3 ereje\u201d lassan m\u00e1sf\u00e9l \u00e9vsz\u00e1zada cs\u00e1b\u00edtja ide a f\u00fcrd\u0151zni, gy\u00f3gyulni v\u00e1gy\u00f3kat. A t\u00f6rt\u00e9nelmi id\u0151kre visszatekint\u0151, s a jelenkori fejleszt\u00e9seknek k\u00f6sz\u00f6nhet\u0151en Gyop\u00e1rosf\u00fcrd\u0151 ma a D\u00e9l-Alf\u00f6ld, s t\u00falz\u00e1s n\u00e9lk\u00fcl \u00e1ll\u00edthatjuk, az orsz\u00e1g egyik kiemelt jelent\u0151s\u00e9g\u0171, a turist\u00e1k [&hellip;]<\/p>\n","protected":false},"author":1,"featured_media":0,"parent":0,"menu_order":0,"comment_status":"closed","ping_status":"closed","template":"","meta":{"_et_pb_use_builder":"on","_et_pb_old_content":"","_et_gb_content_width":"","footnotes":""},"class_list":["post-3912","page","type-page","status-publish","hentry"],"_links":{"self":[{"href":"https:\/\/vargawebstudio.hu\/wpuj\/wp-json\/wp\/v2\/pages\/3912","targetHints":{"allow":["GET"]}}],"collection":[{"href":"https:\/\/vargawebstudio.hu\/wpuj\/wp-json\/wp\/v2\/pages"}],"about":[{"href":"https:\/\/vargawebstudio.hu\/wpuj\/wp-json\/wp\/v2\/types\/page"}],"author":[{"embeddable":true,"href":"https:\/\/vargawebstudio.hu\/wpuj\/wp-json\/wp\/v2\/users\/1"}],"replies":[{"embeddable":true,"href":"https:\/\/vargawebstudio.hu\/wpuj\/wp-json\/wp\/v2\/comments?post=3912"}],"version-history":[{"count":2,"href":"https:\/\/vargawebstudio.hu\/wpuj\/wp-json\/wp\/v2\/pages\/3912\/revisions"}],"predecessor-version":[{"id":3916,"href":"https:\/\/vargawebstudio.hu\/wpuj\/wp-json\/wp\/v2\/pages\/3912\/revisions\/3916"}],"wp:attachment":[{"href":"https:\/\/vargawebstudio.hu\/wpuj\/wp-json\/wp\/v2\/media?parent=3912"}],"curies":[{"name":"wp","href":"https:\/\/api.w.org\/{rel}","templated":true}]}}