{"id":4454,"date":"2026-03-26T17:58:45","date_gmt":"2026-03-26T16:58:45","guid":{"rendered":"https:\/\/vargawebstudio.hu\/wpuj\/?page_id=4454"},"modified":"2026-04-06T20:16:58","modified_gmt":"2026-04-06T18:16:58","slug":"home-2","status":"publish","type":"page","link":"https:\/\/vargawebstudio.hu\/wpuj\/en\/home-2\/","title":{"rendered":"Home"},"content":{"rendered":"<p>[et_pb_section fb_built=&#8221;1&#8243; admin_label=&#8221;Szakasz&#8221; _builder_version=&#8221;4.27.6&#8243; _module_preset=&#8221;default&#8221; global_colors_info=&#8221;{}&#8221;][et_pb_row column_structure=&#8221;1_3,1_3,1_3&#8243; _builder_version=&#8221;4.27.6&#8243; _module_preset=&#8221;default&#8221; global_colors_info=&#8221;{}&#8221;][et_pb_column type=&#8221;1_3&#8243; _builder_version=&#8221;4.24.0&#8243; _module_preset=&#8221;default&#8221; global_colors_info=&#8221;{}&#8221;][et_pb_heading title=&#8221;Spring weekdays with half board and spa entry&#8221; url=&#8221;@ET-DC@eyJkeW5hbWljIjp0cnVlLCJjb250ZW50IjoicG9zdF9saW5rX3VybF9wYWdlIiwic2V0dGluZ3MiOnsicG9zdF9pZCI6IjQwOTYifX0=@&#8221; admin_label=&#8221;Spring weekdays with half board and spa entry&#8221; _builder_version=&#8221;4.27.6&#8243; _dynamic_attributes=&#8221;url&#8221; _module_preset=&#8221;default&#8221; title_level=&#8221;h2&#8243; title_font=&#8221;Cinzel Decorative|||on|||||&#8221; title_text_align=&#8221;center&#8221; title_text_color=&#8221;#FFFFFF&#8221; background_color=&#8221;#ffba10&#8243; module_alignment=&#8221;center&#8221; custom_margin=&#8221;-10px||-10px||false|false&#8221; custom_padding=&#8221;10px|10px|10px|10px|false|false&#8221; custom_css_free_form=&#8221;p{padding:10px}&#8221; border_radii=&#8221;off|10px|10px||&#8221; global_colors_info=&#8221;{}&#8221;][\/et_pb_heading][et_pb_blurb url=&#8221;@ET-DC@eyJkeW5hbWljIjp0cnVlLCJjb250ZW50IjoicG9zdF9saW5rX3VybF9wYWdlIiwic2V0dGluZ3MiOnsicG9zdF9pZCI6IjQwOTYifX0=@&#8221; image=&#8221;https:\/\/vargawebstudio.hu\/wpuj\/wp-content\/uploads\/2026\/03\/tavaszihetkoznapok.jpg&#8221; content_max_width=&#8221;650px&#8221; _builder_version=&#8221;4.27.6&#8243; _dynamic_attributes=&#8221;link_option_url,url&#8221; _module_preset=&#8221;default&#8221; header_level=&#8221;h1&#8243; header_text_align=&#8221;center&#8221; body_font=&#8221;Cinzel Decorative||||||||&#8221; background_color=&#8221;#ffba10&#8243; height=&#8221;850px&#8221; animation_style=&#8221;zoom&#8221; link_option_url=&#8221;@ET-DC@eyJkeW5hbWljIjp0cnVlLCJjb250ZW50IjoicG9zdF9saW5rX3VybF9wYWdlIiwic2V0dGluZ3MiOnsicG9zdF9pZCI6IjI2NTcifX0=@&#8221; custom_css_free_form=&#8221;p{padding: 20px;color:white;}||||h1{padding: 20px;color:white;}&#8221; border_radii=&#8221;on|10px|10px|10px|10px&#8221; global_colors_info=&#8221;{}&#8221;]<\/p>\n<p style=\"text-align: center;\"><strong>Package price:<\/strong><\/p>\n<h1 style=\"text-align: center;\"><strong>25,000 HUF<br data-start=\"63\" data-end=\"66\" \/><br \/><\/strong><\/h1>\n<p style=\"text-align: center;\"><strong>\/person\/night from\u0151\/\u00e9jt\u0151l<\/strong><\/p>\n<p><strong data-start=\"86\" data-end=\"98\">Package:<\/strong> Spring weekdays with half board and spa entry<br data-start=\"144\" data-end=\"147\" \/><strong data-start=\"147\" data-end=\"166\">Booking period:<\/strong> Between March 1, 2026 \u2013 May 31, 2026<br data-start=\"203\" data-end=\"206\" data-is-only-node=\"\" \/><strong data-start=\"206\" data-end=\"233\">Available booking days:<\/strong> From Sunday to Thursday<br data-start=\"257\" data-end=\"260\" \/><strong data-start=\"260\" data-end=\"277\">Restrictions:<\/strong> Except peak periods<br data-start=\"297\" data-end=\"300\" \/><strong data-start=\"300\" data-end=\"314\">Spa entry:<\/strong> Included in the package<\/p>\n<p>&nbsp;<\/p>\n<p>[\/et_pb_blurb][et_pb_button button_url=&#8221;@ET-DC@eyJkeW5hbWljIjp0cnVlLCJjb250ZW50IjoicG9zdF9saW5rX3VybF9wYWdlIiwic2V0dGluZ3MiOnsicG9zdF9pZCI6IjQwOTYifX0=@&#8221; button_text=&#8221;A csomagr\u00f3l b\u0151vebben&#8221; button_alignment=&#8221;center&#8221; admin_label=&#8221;A csomagr\u00f3l b\u0151vebben&#8221; _builder_version=&#8221;4.27.6&#8243; _dynamic_attributes=&#8221;button_url&#8221; _module_preset=&#8221;default&#8221; custom_button=&#8221;on&#8221; button_text_size=&#8221;27px&#8221; button_text_color=&#8221;#FFFFFF&#8221; button_bg_color=&#8221;#ffba10&#8243; button_border_width=&#8221;0px&#8221; button_border_color=&#8221;#6B6B6B&#8221; button_border_radius=&#8221;30px&#8221; button_font=&#8221;Cinzel Decorative||||||||&#8221; button_icon=&#8221;&#x41;||divi||400&#8243; button_icon_color=&#8221;#FFFFFF&#8221; custom_margin=&#8221;-30px||||false|false&#8221; animation_style=&#8221;flip&#8221; global_colors_info=&#8221;{}&#8221;][\/et_pb_button][\/et_pb_column][et_pb_column type=&#8221;1_3&#8243; _builder_version=&#8221;4.24.0&#8243; _module_preset=&#8221;default&#8221; global_colors_info=&#8221;{}&#8221;][et_pb_heading title=&#8221;Spring weekends with half board and spa entry&#8221; url=&#8221;@ET-DC@eyJkeW5hbWljIjp0cnVlLCJjb250ZW50IjoicG9zdF9saW5rX3VybF9wYWdlIiwic2V0dGluZ3MiOnsicG9zdF9pZCI6IjQxMjQifX0=@&#8221; admin_label=&#8221;Spring weekends with half board and spa entry&#8221; _builder_version=&#8221;4.27.6&#8243; _dynamic_attributes=&#8221;url&#8221; _module_preset=&#8221;default&#8221; title_level=&#8221;h2&#8243; title_font=&#8221;Cinzel Decorative|||on|||||&#8221; title_text_align=&#8221;center&#8221; title_text_color=&#8221;#FFFFFF&#8221; background_color=&#8221;#ffba10&#8243; module_alignment=&#8221;center&#8221; custom_margin=&#8221;-10px||-10px||false|false&#8221; custom_padding=&#8221;10px|10px|10px|10px|false|false&#8221; custom_css_free_form=&#8221;p{padding:10px}&#8221; border_radii=&#8221;off|10px|10px||&#8221; global_colors_info=&#8221;{}&#8221;][\/et_pb_heading][et_pb_blurb url=&#8221;@ET-DC@eyJkeW5hbWljIjp0cnVlLCJjb250ZW50IjoicG9zdF9saW5rX3VybF9wYWdlIiwic2V0dGluZ3MiOnsicG9zdF9pZCI6IjQxMjQifX0=@&#8221; image=&#8221;https:\/\/vargawebstudio.hu\/wpuj\/wp-content\/uploads\/2026\/03\/tavaszihetvegek.jpg&#8221; content_max_width=&#8221;650px&#8221; _builder_version=&#8221;4.27.6&#8243; _dynamic_attributes=&#8221;link_option_url,url&#8221; _module_preset=&#8221;default&#8221; header_level=&#8221;h1&#8243; header_text_align=&#8221;center&#8221; body_font=&#8221;Cinzel Decorative||||||||&#8221; background_color=&#8221;#ffba10&#8243; height=&#8221;850px&#8221; animation_style=&#8221;zoom&#8221; link_option_url=&#8221;@ET-DC@eyJkeW5hbWljIjp0cnVlLCJjb250ZW50IjoicG9zdF9saW5rX3VybF9wYWdlIiwic2V0dGluZ3MiOnsicG9zdF9pZCI6IjI2NTcifX0=@&#8221; custom_css_free_form=&#8221;p{padding: 20px;color:white;}||||h1{padding: 20px;color:white;}&#8221; border_radii=&#8221;on|10px|10px|10px|10px&#8221; global_colors_info=&#8221;{}&#8221;]<\/p>\n<p style=\"text-align: center;\"><strong>Package price:<\/strong><\/p>\n<h1 style=\"text-align: center;\"><strong>26,000 HUF<\/strong><\/h1>\n<p style=\"text-align: center;\">\/person\/night from<\/p>\n<p><strong data-start=\"53\" data-end=\"65\">Package:<\/strong> Spring weekends with half board and spa entry<br data-start=\"111\" data-end=\"114\" \/><strong data-start=\"114\" data-end=\"133\" data-is-only-node=\"\">Booking period:<\/strong> Between March 1, 2026 \u2013 May 31, 2026<br data-start=\"170\" data-end=\"173\" \/><strong data-start=\"173\" data-end=\"200\">Available booking days:<\/strong> From Friday to Sunday<br data-start=\"222\" data-end=\"225\" \/><strong data-start=\"225\" data-end=\"242\">Restrictions:<\/strong> Except peak periods<br data-start=\"262\" data-end=\"265\" \/><strong data-start=\"265\" data-end=\"279\">Spa entry:<\/strong> Included in the package<\/p>\n<p>[\/et_pb_blurb][et_pb_button button_url=&#8221;@ET-DC@eyJkeW5hbWljIjp0cnVlLCJjb250ZW50IjoicG9zdF9saW5rX3VybF9wYWdlIiwic2V0dGluZ3MiOnsicG9zdF9pZCI6IjQxMjQifX0=@&#8221; button_text=&#8221;A csomagr\u00f3l b\u0151vebben&#8221; button_alignment=&#8221;center&#8221; admin_label=&#8221;A csomagr\u00f3l b\u0151vebben&#8221; _builder_version=&#8221;4.27.6&#8243; _dynamic_attributes=&#8221;button_url&#8221; _module_preset=&#8221;default&#8221; custom_button=&#8221;on&#8221; button_text_size=&#8221;27px&#8221; button_text_color=&#8221;#FFFFFF&#8221; button_bg_color=&#8221;#ffba10&#8243; button_border_width=&#8221;0px&#8221; button_border_color=&#8221;#6B6B6B&#8221; button_border_radius=&#8221;30px&#8221; button_font=&#8221;Cinzel Decorative||||||||&#8221; button_icon=&#8221;&#x41;||divi||400&#8243; button_icon_color=&#8221;#FFFFFF&#8221; custom_margin=&#8221;-30px||||false|false&#8221; animation_style=&#8221;flip&#8221; global_colors_info=&#8221;{}&#8221;][\/et_pb_button][\/et_pb_column][et_pb_column type=&#8221;1_3&#8243; _builder_version=&#8221;4.24.0&#8243; _module_preset=&#8221;default&#8221; global_colors_info=&#8221;{}&#8221;][et_pb_heading title=&#8221;Pentecost at Napsug\u00e1r Hotel in Gyop\u00e1rosf\u00fcrd\u0151&#8221; url=&#8221;@ET-DC@eyJkeW5hbWljIjp0cnVlLCJjb250ZW50IjoicG9zdF9saW5rX3VybF9wYWdlIiwic2V0dGluZ3MiOnsicG9zdF9pZCI6IjQxMjgifX0=@&#8221; admin_label=&#8221;Pentecost at Napsug\u00e1r Hotel in Gyop\u00e1rosf\u00fcrd\u0151&#8221; _builder_version=&#8221;4.27.6&#8243; _dynamic_attributes=&#8221;url&#8221; _module_preset=&#8221;default&#8221; title_level=&#8221;h2&#8243; title_font=&#8221;Cinzel Decorative|||on|||||&#8221; title_text_align=&#8221;center&#8221; title_text_color=&#8221;#FFFFFF&#8221; background_color=&#8221;#ffba10&#8243; module_alignment=&#8221;center&#8221; custom_margin=&#8221;-10px||-10px||false|false&#8221; custom_padding=&#8221;10px|10px|10px|10px|false|false&#8221; custom_css_free_form=&#8221;p{padding:10px}&#8221; border_radii=&#8221;off|10px|10px||&#8221; global_colors_info=&#8221;{}&#8221;][\/et_pb_heading][et_pb_blurb url=&#8221;@ET-DC@eyJkeW5hbWljIjp0cnVlLCJjb250ZW50IjoicG9zdF9saW5rX3VybF9wYWdlIiwic2V0dGluZ3MiOnsicG9zdF9pZCI6IjQxMjgifX0=@&#8221; image=&#8221;https:\/\/vargawebstudio.hu\/wpuj\/wp-content\/uploads\/2026\/04\/punkosd_nagy.jpg&#8221; content_max_width=&#8221;650px&#8221; _builder_version=&#8221;4.27.6&#8243; _dynamic_attributes=&#8221;link_option_url,url&#8221; _module_preset=&#8221;default&#8221; header_level=&#8221;h1&#8243; header_text_align=&#8221;center&#8221; body_font=&#8221;Cinzel Decorative||||||||&#8221; background_color=&#8221;#ffba10&#8243; height=&#8221;850px&#8221; animation_style=&#8221;zoom&#8221; link_option_url=&#8221;@ET-DC@eyJkeW5hbWljIjp0cnVlLCJjb250ZW50IjoicG9zdF9saW5rX3VybF9wYWdlIiwic2V0dGluZ3MiOnsicG9zdF9pZCI6IjI2NTcifX0=@&#8221; custom_css_free_form=&#8221;p{padding: 20px;color:white;}||||h1{padding: 20px;color:white;}&#8221; border_radii=&#8221;on|10px|10px|10px|10px&#8221; global_colors_info=&#8221;{}&#8221;]<\/p>\n<p style=\"text-align: center;\"><strong>Package price:<\/strong><\/p>\n<h1 style=\"text-align: center;\"><strong>89,900 HUF \/\u00a0<\/strong><\/h1>\n<p style=\"text-align: center;\">\/ person \/ from 3 nights<\/p>\n<p><strong data-start=\"60\" data-end=\"72\">Package:<\/strong> Pentecost at the Napsug\u00e1r Hotel in Gyop\u00e1rosf\u00fcrd\u0151<br data-start=\"121\" data-end=\"124\" data-is-only-node=\"\" \/><strong data-start=\"124\" data-end=\"143\">Booking period:<\/strong> Between May 22\u201325, 2026<br data-start=\"167\" data-end=\"170\" \/><strong data-start=\"170\" data-end=\"197\">Available booking days:<\/strong> From Friday to Tuesday<br data-start=\"220\" data-end=\"223\" \/><strong data-start=\"223\" data-end=\"240\">Restrictions:<\/strong> Only during the specified period<\/p>\n<p>[\/et_pb_blurb][et_pb_button button_url=&#8221;@ET-DC@eyJkeW5hbWljIjp0cnVlLCJjb250ZW50IjoicG9zdF9saW5rX3VybF9wYWdlIiwic2V0dGluZ3MiOnsicG9zdF9pZCI6IjUwMjkifX0=@&#8221; button_text=&#8221;Discover more details about this package&#8221; button_alignment=&#8221;center&#8221; admin_label=&#8221;A csomagr\u00f3l b\u0151vebben&#8221; _builder_version=&#8221;4.27.6&#8243; _dynamic_attributes=&#8221;button_url&#8221; _module_preset=&#8221;default&#8221; custom_button=&#8221;on&#8221; button_text_size=&#8221;27px&#8221; button_text_color=&#8221;#FFFFFF&#8221; button_bg_color=&#8221;#ffba10&#8243; button_border_width=&#8221;0px&#8221; button_border_color=&#8221;#6B6B6B&#8221; button_border_radius=&#8221;30px&#8221; button_font=&#8221;Cinzel Decorative||||||||&#8221; button_icon=&#8221;&#x41;||divi||400&#8243; button_icon_color=&#8221;#FFFFFF&#8221; custom_margin=&#8221;-30px||||false|false&#8221; animation_style=&#8221;flip&#8221; hover_enabled=&#8221;0&#8243; global_colors_info=&#8221;{}&#8221; sticky_enabled=&#8221;0&#8243;][\/et_pb_button][\/et_pb_column][\/et_pb_row][\/et_pb_section]<\/p>\n","protected":false},"excerpt":{"rendered":"<p>Package price: 25,000 HUF \/person\/night from\u0151\/\u00e9jt\u0151l Package: Spring weekdays with half board and spa entryBooking period: Between March 1, 2026 \u2013 May 31, 2026Available booking days: From Sunday to ThursdayRestrictions: Except peak periodsSpa entry: Included in the package &nbsp;Package price: 26,000 HUF \/person\/night from Package: Spring weekends with half board and spa entryBooking period: Between [&hellip;]<\/p>\n","protected":false},"author":1,"featured_media":0,"parent":0,"menu_order":0,"comment_status":"closed","ping_status":"closed","template":"","meta":{"_et_pb_use_builder":"on","_et_pb_old_content":"","_et_gb_content_width":"","footnotes":""},"class_list":["post-4454","page","type-page","status-publish","hentry"],"_links":{"self":[{"href":"https:\/\/vargawebstudio.hu\/wpuj\/wp-json\/wp\/v2\/pages\/4454","targetHints":{"allow":["GET"]}}],"collection":[{"href":"https:\/\/vargawebstudio.hu\/wpuj\/wp-json\/wp\/v2\/pages"}],"about":[{"href":"https:\/\/vargawebstudio.hu\/wpuj\/wp-json\/wp\/v2\/types\/page"}],"author":[{"embeddable":true,"href":"https:\/\/vargawebstudio.hu\/wpuj\/wp-json\/wp\/v2\/users\/1"}],"replies":[{"embeddable":true,"href":"https:\/\/vargawebstudio.hu\/wpuj\/wp-json\/wp\/v2\/comments?post=4454"}],"version-history":[{"count":5,"href":"https:\/\/vargawebstudio.hu\/wpuj\/wp-json\/wp\/v2\/pages\/4454\/revisions"}],"predecessor-version":[{"id":5035,"href":"https:\/\/vargawebstudio.hu\/wpuj\/wp-json\/wp\/v2\/pages\/4454\/revisions\/5035"}],"wp:attachment":[{"href":"https:\/\/vargawebstudio.hu\/wpuj\/wp-json\/wp\/v2\/media?parent=4454"}],"curies":[{"name":"wp","href":"https:\/\/api.w.org\/{rel}","templated":true}]}}