{"id":4592,"date":"2026-03-29T16:44:57","date_gmt":"2026-03-29T14:44:57","guid":{"rendered":"https:\/\/vargawebstudio.hu\/wpuj\/?page_id=4592"},"modified":"2026-03-29T16:53:13","modified_gmt":"2026-03-29T14:53:13","slug":"hirek-aktualis-informaciok","status":"publish","type":"page","link":"https:\/\/vargawebstudio.hu\/wpuj\/hirek-aktualis-informaciok\/","title":{"rendered":"H\u00edrek \/ Aktu\u00e1lis inform\u00e1ci\u00f3k"},"content":{"rendered":"<p>[et_pb_section fb_built=&#8221;1&#8243; _builder_version=&#8221;4.27.6&#8243; _module_preset=&#8221;default&#8221; global_colors_info=&#8221;{}&#8221;][et_pb_row _builder_version=&#8221;4.27.6&#8243; _module_preset=&#8221;default&#8221; global_colors_info=&#8221;{}&#8221;][et_pb_column type=&#8221;4_4&#8243; _builder_version=&#8221;4.27.6&#8243; _module_preset=&#8221;default&#8221; global_colors_info=&#8221;{}&#8221;][et_pb_heading title=&#8221;H\u00edrek \/ Aktu\u00e1lis inform\u00e1ci\u00f3k&#8221; _builder_version=&#8221;4.27.6&#8243; _module_preset=&#8221;default&#8221; global_colors_info=&#8221;{}&#8221;][\/et_pb_heading][\/et_pb_column][\/et_pb_row][et_pb_row column_structure=&#8221;2_5,3_5&#8243; _builder_version=&#8221;4.27.6&#8243; _module_preset=&#8221;default&#8221; global_colors_info=&#8221;{}&#8221;][et_pb_column type=&#8221;2_5&#8243; _builder_version=&#8221;4.27.6&#8243; _module_preset=&#8221;default&#8221; global_colors_info=&#8221;{}&#8221;][et_pb_image src=&#8221;https:\/\/vargawebstudio.hu\/wpuj\/wp-content\/uploads\/2026\/03\/Screenshot_2026-03-28_at_12-55-17_260327_Gyoparosfurdo_Elmeny_NK-12-1068x712webp_WEBP_kp_1068__712_kppont.png&#8221; title_text=&#8221;Screenshot_2026-03-28_at_12-55-17_260327_Gyoparosfurdo_Elmeny_NK-12-1068x712webp_WEBP_kp_1068__712_kppont&#8221; _builder_version=&#8221;4.27.6&#8243; _module_preset=&#8221;default&#8221; border_radii=&#8221;off|30px||30px|&#8221; global_colors_info=&#8221;{}&#8221;][\/et_pb_image][\/et_pb_column][et_pb_column type=&#8221;3_5&#8243; _builder_version=&#8221;4.27.6&#8243; _module_preset=&#8221;default&#8221; global_colors_info=&#8221;{}&#8221;][et_pb_heading title=&#8221;2026.03.27. Az \u00e9lm\u00e9nyf\u00f6rd\u0151 belt\u00e9ri r\u00e9sze megny\u00edlt&#8221; _builder_version=&#8221;4.27.6&#8243; _module_preset=&#8221;default&#8221; hover_enabled=&#8221;0&#8243; global_colors_info=&#8221;{}&#8221; title__hover_enabled=&#8221;on|desktop&#8221; title__hover=&#8221;2026.03.27. Az \u00e9lm\u00e9nyf\u00f6rd\u0151 belt\u00e9ri r\u00e9sze megny\u00edlt&#8221; sticky_enabled=&#8221;0&#8243;][\/et_pb_heading][et_pb_text _builder_version=&#8221;4.27.6&#8243; _module_preset=&#8221;default&#8221; text_font=&#8221;ABeeZee||||||||&#8221; text_font_size=&#8221;16px&#8221; text_letter_spacing=&#8221;1px&#8221; global_colors_info=&#8221;{}&#8221;]<\/p>\n<div><span class=\"x193iq5w xeuugli x13faqbe x1vvkbs x1xmvt09 x1lliihq x1s928wv xhkezso x1gmr53x x1cpjm7i x1fgarty x1943h6x xudqn12 x3x7a5m x6prxxf xvq8zen xo1l8bm xzsf02u x1yc453h\" dir=\"auto\">M\u00e1rcius 27-\u00e9n elj\u00f6tt az \u00f6r\u00f6mteli pillanat. <strong>Raffai J\u00e1nos polg\u00e1rmester<\/strong> \u00e9s az \u00fczemeltet\u0151 <strong>Napsug\u00e1r Hotel Kft. sz\u00e1llodaigazgat\u00f3ja, Bazs\u00f3 J\u00f3zsef<\/strong> a megh\u00edvott vend\u00e9gek \u2013 a fel\u00faj\u00edt\u00e1sban r\u00e9sztvev\u0151 v\u00e1llalkoz\u00f3k, t\u00e1mogat\u00f3 szervezetek \u00e9s a seg\u00edt\u0151 civilek k\u00f6r\u00e9ben hivatalosan is megnyitotta az \u00c9lm\u00e9nyf\u00fcrd\u0151t.<br \/><\/span><\/div>\n<p>[\/et_pb_text][\/et_pb_column][\/et_pb_row][et_pb_row column_structure=&#8221;2_5,3_5&#8243; _builder_version=&#8221;4.27.6&#8243; _module_preset=&#8221;default&#8221; global_colors_info=&#8221;{}&#8221;][et_pb_column type=&#8221;2_5&#8243; _builder_version=&#8221;4.27.6&#8243; _module_preset=&#8221;default&#8221; global_colors_info=&#8221;{}&#8221;][et_pb_image src=&#8221;https:\/\/vargawebstudio.hu\/wpuj\/wp-content\/uploads\/2026\/03\/gyoparosfurdo_elmeny_9-2.jpg&#8221; title_text=&#8221;gyoparosfurdo_elmeny_9&#8243; _builder_version=&#8221;4.27.6&#8243; _module_preset=&#8221;default&#8221; border_radii=&#8221;off|30px||30px|&#8221; global_colors_info=&#8221;{}&#8221;][\/et_pb_image][\/et_pb_column][et_pb_column type=&#8221;3_5&#8243; _builder_version=&#8221;4.27.6&#8243; _module_preset=&#8221;default&#8221; global_colors_info=&#8221;{}&#8221;][et_pb_heading title=&#8221;EL\u0150ZETES T\u00c1J\u00c9KOZTAT\u00c1S &#8211; 2026.02.28&#8243; _builder_version=&#8221;4.27.6&#8243; _module_preset=&#8221;default&#8221; global_colors_info=&#8221;{}&#8221; title__hover_enabled=&#8221;on|desktop&#8221; title__hover=&#8221;EL\u0150ZETES T\u00c1J\u00c9KOZTAT\u00c1S &#8211; 2026.02.28&#8243;][\/et_pb_heading][et_pb_text _builder_version=&#8221;4.27.6&#8243; _module_preset=&#8221;default&#8221; text_font=&#8221;ABeeZee||||||||&#8221; text_font_size=&#8221;16px&#8221; text_letter_spacing=&#8221;1px&#8221; global_colors_info=&#8221;{}&#8221;]<\/p>\n<p><strong>El\u0151k\u00e9sz\u00edt\u00e9s alatt az \u00e9lm\u00e9nyr\u00e9sz j\u00f6v\u0151beni \u00fajranyit\u00e1s\u00e1nak lehet\u0151s\u00e9ge Gyop\u00e1rosf\u00fcrd\u0151n<br \/><\/strong>A <strong>Napsug\u00e1r Hotel Kft.<\/strong> jelenleg el\u0151k\u00e9sz\u00edt\u0151 egyeztet\u00e9seket folytat a <strong>Orosh\u00e1za-Gyop\u00e1rosf\u00fcrd\u0151 Gy\u00f3gy-, Park \u00e9s \u00c9lm\u00e9nyf\u00fcrd\u0151<\/strong> \u00e9lm\u00e9nyr\u00e9sz\u00e9nek j\u00f6v\u0151beni m\u0171k\u00f6dtet\u00e9s\u00e9r\u0151l.<\/p>\n<p>Fontos: a meg\u00e1llapod\u00e1sok m\u00e9g el\u0151k\u00e9sz\u00edt\u00e9s alatt \u00e1llnak, v\u00e9gleges d\u00f6nt\u00e9s nem sz\u00fcletett.<\/p>\n<p><strong>Helyi jelenl\u00e9t \u2013 felel\u0151s gondolkod\u00e1s<br \/><\/strong>T\u00e1rsas\u00e1gunk hossz\u00fa \u00e9vek \u00f3ta akt\u00edv szerepl\u0151je Gyop\u00e1ros turizmus\u00e1nak.<br \/>Mindig a <strong>\u201ej\u00f3 gazda gondoss\u00e1g\u00e1val\u201d<\/strong> dolgoztunk:<\/p>\n<p>\u2714 felel\u0151s gazd\u00e1lkod\u00e1s<br \/>\u2714 stabil m\u0171k\u00f6d\u00e9s<br \/>\u2714 folyamatos fejleszt\u00e9si szeml\u00e9let<br \/>\u2714 helyi egy\u00fcttm\u0171k\u00f6d\u00e9sek<\/p>\n<p>Sz\u00e1munkra kiemelten fontos a <strong>helyi munkaer\u0151 megtart\u00e1sa<\/strong> \u2013 a j\u00e1rv\u00e1ny idej\u00e9n is erre t\u00f6rekedt\u00fcnk.<\/p>\n<p><strong>Mit jelenthet ez a v\u00e1ros \u00e9s a t\u00e9rs\u00e9g sz\u00e1m\u00e1ra?<br \/><\/strong>Egy esetleges \u00fajranyit\u00e1s lehet\u0151s\u00e9get teremthet:<\/p>\n<p>-a turizmus \u00faj lend\u00fclet\u00e9re<br \/>-a csal\u00e1di \u00e9s \u00e9lm\u00e9nyprogramok visszat\u00e9r\u00e9s\u00e9re<br \/>-a t\u00f6bbnapos vend\u00e9gforgalom n\u00f6veked\u00e9s\u00e9re<br \/>-a helyi v\u00e1llalkoz\u00e1sok er\u0151s\u00f6d\u00e9s\u00e9re<\/p>\n<p>A f\u00fcrd\u0151 m\u0171k\u00f6d\u00e9se k\u00f6zvetlen\u00fcl \u00e9s k\u00f6zvetve is t\u00e1mogatja a sz\u00e1ll\u00e1sad\u00f3kat, vend\u00e9gl\u00e1t\u00f3helyeket, keresked\u0151ket \u00e9s besz\u00e1ll\u00edt\u00f3kat.<\/p>\n<p><strong>El\u0151ny a sz\u00e1llodai vend\u00e9gek sz\u00e1m\u00e1ra is<br \/><\/strong>Az \u00e9lm\u00e9nyr\u00e9sz \u00fajranyit\u00e1sa a Napsug\u00e1r Hotel vend\u00e9gei sz\u00e1m\u00e1ra is jelent\u0151s el\u0151rel\u00e9p\u00e9st jelenthet.<br \/>Az elm\u00falt id\u0151szakban t\u00f6bb csal\u00e1dos vend\u00e9g a komplex \u00e9lm\u00e9nyf\u00fcrd\u0151 hi\u00e1nya miatt nem v\u00e1lasztotta t\u00e9rs\u00e9g\u00fcnket. Egy esetleges \u00fajranyit\u00e1ssal:<\/p>\n<ul>\n<li>ism\u00e9t vonz\u00f3bb\u00e1 v\u00e1lhatunk a csal\u00e1dos vend\u00e9gek sz\u00e1m\u00e1ra,<\/li>\n<li>n\u00f6vekedhet a foglal\u00e1sok sz\u00e1ma,<\/li>\n<li>teljesebb pihen\u00e9si \u00e9s kikapcsol\u00f3d\u00e1si \u00e9lm\u00e9nyt k\u00edn\u00e1lhatunk.<\/li>\n<\/ul>\n<p><strong>C\u00e9lunk<br \/><\/strong>Egy hossz\u00fa t\u00e1von fenntarthat\u00f3, stabil \u00e9s a t\u00e9rs\u00e9g \u00e9rdekeit szolg\u00e1l\u00f3 m\u0171k\u00f6d\u00e9si modell kialak\u00edt\u00e1sa, amely \u00e9rt\u00e9ket teremt a helyi k\u00f6z\u00f6ss\u00e9g sz\u00e1m\u00e1ra \u00e9s hozz\u00e1j\u00e1rul Gyop\u00e1ros turisztikai poz\u00edci\u00f3j\u00e1nak meger\u0151s\u00edt\u00e9s\u00e9hez.<\/p>\n<p>A t\u00e1rgyal\u00e1sok el\u0151rehalad\u00e1s\u00e1r\u00f3l folyamatosan t\u00e1j\u00e9koztat\u00e1st adunk.<\/p>\n<p><strong>Bazs\u00f3 J\u00f3zsef<\/strong><br \/>Napsug\u00e1r Hotel Kft.<\/p>\n<p>[\/et_pb_text][\/et_pb_column][\/et_pb_row][et_pb_row column_structure=&#8221;2_5,3_5&#8243; _builder_version=&#8221;4.27.6&#8243; _module_preset=&#8221;default&#8221; global_colors_info=&#8221;{}&#8221;][et_pb_column type=&#8221;2_5&#8243; _builder_version=&#8221;4.27.6&#8243; _module_preset=&#8221;default&#8221; global_colors_info=&#8221;{}&#8221;][et_pb_image src=&#8221;https:\/\/vargawebstudio.hu\/wpuj\/wp-content\/uploads\/2026\/03\/gyoparosfurdo_parkfurdo_18-2.jpg&#8221; title_text=&#8221;gyoparosfurdo_parkfurdo_18&#8243; _builder_version=&#8221;4.27.6&#8243; _module_preset=&#8221;default&#8221; border_radii=&#8221;off|30px||30px|&#8221; global_colors_info=&#8221;{}&#8221;][\/et_pb_image][\/et_pb_column][et_pb_column type=&#8221;3_5&#8243; _builder_version=&#8221;4.27.6&#8243; _module_preset=&#8221;default&#8221; global_colors_info=&#8221;{}&#8221;][et_pb_heading title=&#8221;J\u00falius 5-\u00e9n, szombaton kinyitott a f\u00fcrd\u0151&#8221; _builder_version=&#8221;4.27.6&#8243; _module_preset=&#8221;default&#8221; global_colors_info=&#8221;{}&#8221; title__hover_enabled=&#8221;on|desktop&#8221; title__hover=&#8221;J\u00falius 5-\u00e9n, szombaton kinyitott a f\u00fcrd\u0151&#8221;][\/et_pb_heading][et_pb_text _builder_version=&#8221;4.27.6&#8243; _module_preset=&#8221;default&#8221; text_font=&#8221;ABeeZee||||||||&#8221; text_font_size=&#8221;16px&#8221; text_letter_spacing=&#8221;1px&#8221; global_colors_info=&#8221;{}&#8221;]<\/p>\n<div class=\"xdj266r x11i5rnm xat24cr x1mh8g0r x1vvkbs x126k92a\">\n<h2 dir=\"auto\">J\u00falius 5-\u00e9n, szombaton kinyitott a f\u00fcrd\u0151<\/p>\n<\/h2>\n<\/div>\n<div class=\"x11i5rnm xat24cr x1mh8g0r x1vvkbs xtlvy1s x126k92a\">\n<div dir=\"auto\">\u00d6r\u00f6mmel \u00e9rtes\u00edtj\u00fck vend\u00e9geinket hogy sz\u00e1llod\u00e1nk megkezdte a foglal\u00e1sok r\u00f6gz\u00edt\u00e9s\u00e9t a mai napt\u00f3l.\u00a0<\/div>\n<div dir=\"auto\">\u00a0<\/div>\n<div dir=\"auto\">\n<p>Jelenleg a tanmedence, a toronymedence, a k\u00fclt\u00e9ri term\u00e1lmedence (\u201ekacs\u00e1s\u201d) \u00e9s a k\u00fclt\u00e9ri gyermekmedence fogadja a vend\u00e9geket. A sportmedence, a belt\u00e9ri term\u00e1lmedence, a Szaunapark, valamint az \u00c9lm\u00e9nyf\u00fcrd\u0151 k\u00fcl- \u00e9s belt\u00e9ri r\u00e9sze egyel\u0151re z\u00e1rva tart, de b\u00edzunk benne, hogy r\u00f6videsen ezek a szolg\u00e1ltat\u00e1saink is megny\u00edlnak.<\/p>\n<\/div>\n<div dir=\"auto\">\n<p>Napsug\u00e1r Hotel Orosh\u00e1za<\/p>\n<\/div>\n<\/div>\n<div class=\"x11i5rnm xat24cr x1mh8g0r x1vvkbs xtlvy1s x126k92a\">\n<div dir=\"auto\">Mert n\u00e1lunk a vend\u00e9g az els\u0151!<\/div>\n<div dir=\"auto\"><span class=\"html-span xexx8yu x4uap5 x18d9i69 xkhd6sd x1hl2dhg x16tdsg8 x1vvkbs x3nfvp2 x1j61x8r x1fcty0u xdj266r xat24cr xgzva0m xhhsvwb xxymvpz xlup9mm x1kky2od\"><img loading=\"lazy\" decoding=\"async\" class=\"xz74otr x168nmei x13lgxp2 x5pf9jr xo71vjh\" src=\"https:\/\/static.xx.fbcdn.net\/images\/emoji.php\/v9\/taa\/1\/16\/1f310.png\" alt=\"\ud83c\udf10\" width=\"16\" height=\"16\" \/><\/span> <span class=\"html-span xdj266r x11i5rnm xat24cr x1mh8g0r xexx8yu x4uap5 x18d9i69 xkhd6sd x1hl2dhg x16tdsg8 x1vvkbs\"><a class=\"x1i10hfl xjbqb8w x1ejq31n xd10rxx x1sy0etr x17r0tee x972fbf xcfux6l x1qhh985 xm0m39n x9f619 x1ypdohk xt0psk2 xe8uvvx xdj266r x11i5rnm xat24cr x1mh8g0r xexx8yu x4uap5 x18d9i69 xkhd6sd x16tdsg8 x1hl2dhg xggy1nq x1a2a7pz xkrqix3 x1sur9pj x1fey0fg x1s688f\" tabindex=\"0\" role=\"link\" href=\"https:\/\/l.facebook.com\/l.php?u=http%3A%2F%2Fnapsugarhoteloroshaza.hu%2F%3Ffbclid%3DIwZXh0bgNhZW0CMTAAAR3nPvhf2Uyxvd9R9j3GbJ6LmXTDKncX-e_LSJFb4uYps7zdz-iyp6V80Qg_aem_nlid23kDB-pHKVJ0HddI6A&amp;h=AT2s-6mDKnikFIaTswbLR87G6CHvd75c4JUzTXEgvMli6rnBkNlz3j26PJ8AiX2Me85JkPVa82WN1ZkYugmaO6Sz8yQmrO3sVysZrPpttfbWidU00JCykFaviaFZUBM4fZ64HpO29_scvZ4&amp;__tn__=-UK-R&amp;c[0]=AT1fJPuHUtACraUSnA8NCElmiQ3up9m4VvthQ6rwaG9dhkMROTZq3F9i7wnuHa1rwaN7GBjebTJa08q1ghQ397wTsab8NdmVSWkOGtwiDUo8bHeAFp2w33-LFH2AfySerpHb27jxzWSHWzG6_WNw37qEJkU_89sK8dGgJLORY_VBYjGxXbO0vbWG77r-kHK5flS74RzdDXoMp62Dd2JTOT-Y14c\" target=\"_blank\" rel=\"nofollow noopener noreferrer\">napsugarhoteloroshaza.hu<\/a><\/span><\/div>\n<\/div>\n<p>[\/et_pb_text][\/et_pb_column][\/et_pb_row][et_pb_row column_structure=&#8221;2_5,3_5&#8243; _builder_version=&#8221;4.27.6&#8243; _module_preset=&#8221;default&#8221; global_colors_info=&#8221;{}&#8221;][et_pb_column type=&#8221;2_5&#8243; _builder_version=&#8221;4.27.6&#8243; _module_preset=&#8221;default&#8221; global_colors_info=&#8221;{}&#8221;][et_pb_image src=&#8221;https:\/\/vargawebstudio.hu\/wpuj\/wp-content\/uploads\/2026\/03\/1-1.jpg&#8221; title_text=&#8221;1&#8243; _builder_version=&#8221;4.27.6&#8243; _module_preset=&#8221;default&#8221; border_radii=&#8221;off|30px||30px|&#8221; global_colors_info=&#8221;{}&#8221;][\/et_pb_image][\/et_pb_column][et_pb_column type=&#8221;3_5&#8243; _builder_version=&#8221;4.27.6&#8243; _module_preset=&#8221;default&#8221; global_colors_info=&#8221;{}&#8221;][et_pb_heading title=&#8221;2025.01.15 Gyop\u00e1rosf\u00fcrd\u0151i \u00c9lm\u00e9ny \u00e9s Gy\u00f3gyf\u00fcrd\u0151 \u00e1tmenetileg nem fogad egy\u00e9ni f\u00fcrd\u0151vend\u00e9geket&#8221; _builder_version=&#8221;4.27.6&#8243; _module_preset=&#8221;default&#8221; global_colors_info=&#8221;{}&#8221; title__hover_enabled=&#8221;on|desktop&#8221; title__hover=&#8221;2025.01.15 Gyop\u00e1rosf\u00fcrd\u0151i \u00c9lm\u00e9ny \u00e9s Gy\u00f3gyf\u00fcrd\u0151 \u00e1tmenetileg nem fogad egy\u00e9ni f\u00fcrd\u0151vend\u00e9geket&#8221;][\/et_pb_heading][et_pb_text _builder_version=&#8221;4.27.6&#8243; _module_preset=&#8221;default&#8221; text_font=&#8221;ABeeZee||||||||&#8221; text_font_size=&#8221;16px&#8221; text_letter_spacing=&#8221;1px&#8221; global_colors_info=&#8221;{}&#8221;]<\/p>\n<div class=\"x11i5rnm xat24cr x1mh8g0r x1vvkbs xtlvy1s x126k92a\">\n<div dir=\"auto\">\n<p>Tisztelt Vend\u00e9geink!<\/p>\n<\/div>\n<\/div>\n<div class=\"x11i5rnm xat24cr x1mh8g0r x1vvkbs xtlvy1s x126k92a\">\n<div dir=\"auto\">\n<p>Az Orosh\u00e1zi V\u00e1ros\u00fczemeltet\u00e9si Zrt. vez\u00e9rigazgat\u00f3j\u00e1t\u00f3l kapott inform\u00e1ci\u00f3k alapj\u00e1n szeretn\u00e9nk t\u00e1j\u00e9koztatni \u00d6n\u00f6ket, hogy a Gyop\u00e1rosf\u00fcrd\u0151i \u00c9lm\u00e9ny \u00e9s Gy\u00f3gyf\u00fcrd\u0151 \u00e1tmenetileg nem fogad egy\u00e9ni f\u00fcrd\u0151vend\u00e9geket.<\/p>\n<\/div>\n<\/div>\n<div class=\"x11i5rnm xat24cr x1mh8g0r x1vvkbs xtlvy1s x126k92a\">\n<div dir=\"auto\">\n<p>A f\u00fcrd\u0151 jelenleg kiz\u00e1r\u00f3lag a gy\u00f3gy\u00e1szati rendel\u00e9sen \u00e9s ell\u00e1t\u00e1sban r\u00e9szt vev\u0151 vend\u00e9gek sz\u00e1m\u00e1ra \u00e9rhet\u0151 el, akik a kezel\u00e9seikhez haszn\u00e1lhatj\u00e1k a medenc\u00e9ket.<\/p>\n<\/div>\n<\/div>\n<div class=\"x11i5rnm xat24cr x1mh8g0r x1vvkbs xtlvy1s x126k92a\">\n<div dir=\"auto\">K\u00e9rj\u00fck, hogy a tov\u00e1bbi fejlem\u00e9nyekr\u0151l \u2013 bele\u00e9rtve a f\u00fcrd\u0151 esetleges megnyit\u00e1s\u00e1val kapcsolatos h\u00edreket \u2013 k\u00f6vess\u00e9k hivatalos fel\u00fcleteinket \u00e9s h\u00edrlevel\u00fcnket, ahol minden v\u00e1ltoz\u00e1sr\u00f3l id\u0151ben t\u00e1j\u00e9koztat\u00e1st adunk.<\/div>\n<\/div>\n<div class=\"x11i5rnm xat24cr x1mh8g0r x1vvkbs xtlvy1s x126k92a\">\n<div dir=\"auto\">K\u00f6sz\u00f6nj\u00fck meg\u00e9rt\u00e9s\u00fcket, \u00e9s j\u00f3 eg\u00e9szs\u00e9get k\u00edv\u00e1nunk minden kedves vend\u00e9g\u00fcnknek!<\/div>\n<\/div>\n<div class=\"x11i5rnm xat24cr x1mh8g0r x1vvkbs xtlvy1s x126k92a\">\n<div dir=\"auto\">Napsug\u00e1r Hotel Orosh\u00e1za<\/div>\n<div dir=\"auto\">Mert n\u00e1lunk a vend\u00e9g az els\u0151!<\/div>\n<div dir=\"auto\"><span class=\"html-span xexx8yu x4uap5 x18d9i69 xkhd6sd x1hl2dhg x16tdsg8 x1vvkbs x3nfvp2 x1j61x8r x1fcty0u xdj266r xat24cr xgzva0m xhhsvwb xxymvpz xlup9mm x1kky2od\"><img loading=\"lazy\" decoding=\"async\" class=\"xz74otr\" src=\"https:\/\/static.xx.fbcdn.net\/images\/emoji.php\/v9\/taa\/1\/16\/1f310.png\" alt=\"\ud83c\udf10\" width=\"16\" height=\"16\" \/><\/span> <span class=\"html-span xdj266r x11i5rnm xat24cr x1mh8g0r xexx8yu x4uap5 x18d9i69 xkhd6sd x1hl2dhg x16tdsg8 x1vvkbs\"><a class=\"x1i10hfl xjbqb8w x1ejq31n xd10rxx x1sy0etr x17r0tee x972fbf xcfux6l x1qhh985 xm0m39n x9f619 x1ypdohk xt0psk2 xe8uvvx xdj266r x11i5rnm xat24cr x1mh8g0r xexx8yu x4uap5 x18d9i69 xkhd6sd x16tdsg8 x1hl2dhg xggy1nq x1a2a7pz x1sur9pj xkrqix3 x1fey0fg x1s688f\" tabindex=\"0\" role=\"link\" href=\"https:\/\/l.facebook.com\/l.php?u=http%3A%2F%2Fnapsugarhoteloroshaza.hu%2F%3Ffbclid%3DIwZXh0bgNhZW0CMTAAAR3qC2wkLMQ3hSWWjMY0s_Vc2RJJakwrIorHRuErkNqeGQzTiS9h7e2Ynn0_aem_9zm6HAiXuN71ePXJdsPafA&amp;h=AT0QTWPtSUoGx6fEILZdxwUxCHj6OuL-GqOPjxLHQfvBL5qLYIo6-4qAp9nzn1hRyCcM6ACZFQxVnUgbkmIzr48Rlc2TyIotEu0JLiX2Z8wMYHFZYvadDxDsI6Hc4KVAiwg&amp;__tn__=-UK-R&amp;c[0]=AT1OBts-ho1JDgiB4cl4DLdQYHPmNzttOugeQHb7UaSOPfOuMSaXlF0QuK8zrJLWtvvCbVMgbIx1T69jEW4mOQ2p7_dY9I4nl2MlYiqJVrl6f3YVK9XuyVlooYvM51ArPk45LjU6tVbatHw3EOsEomlsCNOgbRVfGiLK9bn6Hwj4c0LHyBmmaADy7cfOUGl82WP5RlF7XzMZCUffYVWkxYJW45k\" target=\"_blank\" rel=\"nofollow noopener noreferrer\">napsugarhoteloroshaza.hu<\/a><\/span><\/div>\n<\/div>\n<p>[\/et_pb_text][\/et_pb_column][\/et_pb_row][\/et_pb_section]<\/p>\n","protected":false},"excerpt":{"rendered":"<p>M\u00e1rcius 27-\u00e9n elj\u00f6tt az \u00f6r\u00f6mteli pillanat. Raffai J\u00e1nos polg\u00e1rmester \u00e9s az \u00fczemeltet\u0151 Napsug\u00e1r Hotel Kft. sz\u00e1llodaigazgat\u00f3ja, Bazs\u00f3 J\u00f3zsef a megh\u00edvott vend\u00e9gek \u2013 a fel\u00faj\u00edt\u00e1sban r\u00e9sztvev\u0151 v\u00e1llalkoz\u00f3k, t\u00e1mogat\u00f3 szervezetek \u00e9s a seg\u00edt\u0151 civilek k\u00f6r\u00e9ben hivatalosan is megnyitotta az \u00c9lm\u00e9nyf\u00fcrd\u0151t.El\u0151k\u00e9sz\u00edt\u00e9s alatt az \u00e9lm\u00e9nyr\u00e9sz j\u00f6v\u0151beni \u00fajranyit\u00e1s\u00e1nak lehet\u0151s\u00e9ge Gyop\u00e1rosf\u00fcrd\u0151nA Napsug\u00e1r Hotel Kft. jelenleg el\u0151k\u00e9sz\u00edt\u0151 egyeztet\u00e9seket folytat a Orosh\u00e1za-Gyop\u00e1rosf\u00fcrd\u0151 Gy\u00f3gy-, [&hellip;]<\/p>\n","protected":false},"author":1,"featured_media":0,"parent":0,"menu_order":0,"comment_status":"closed","ping_status":"closed","template":"","meta":{"_et_pb_use_builder":"on","_et_pb_old_content":"","_et_gb_content_width":"","footnotes":""},"class_list":["post-4592","page","type-page","status-publish","hentry"],"_links":{"self":[{"href":"https:\/\/vargawebstudio.hu\/wpuj\/wp-json\/wp\/v2\/pages\/4592","targetHints":{"allow":["GET"]}}],"collection":[{"href":"https:\/\/vargawebstudio.hu\/wpuj\/wp-json\/wp\/v2\/pages"}],"about":[{"href":"https:\/\/vargawebstudio.hu\/wpuj\/wp-json\/wp\/v2\/types\/page"}],"author":[{"embeddable":true,"href":"https:\/\/vargawebstudio.hu\/wpuj\/wp-json\/wp\/v2\/users\/1"}],"replies":[{"embeddable":true,"href":"https:\/\/vargawebstudio.hu\/wpuj\/wp-json\/wp\/v2\/comments?post=4592"}],"version-history":[{"count":4,"href":"https:\/\/vargawebstudio.hu\/wpuj\/wp-json\/wp\/v2\/pages\/4592\/revisions"}],"predecessor-version":[{"id":4602,"href":"https:\/\/vargawebstudio.hu\/wpuj\/wp-json\/wp\/v2\/pages\/4592\/revisions\/4602"}],"wp:attachment":[{"href":"https:\/\/vargawebstudio.hu\/wpuj\/wp-json\/wp\/v2\/media?parent=4592"}],"curies":[{"name":"wp","href":"https:\/\/api.w.org\/{rel}","templated":true}]}}