{"id":5226,"date":"2026-04-08T21:00:57","date_gmt":"2026-04-08T19:00:57","guid":{"rendered":"https:\/\/vargawebstudio.hu\/wpuj\/?page_id=5226"},"modified":"2026-04-08T21:00:59","modified_gmt":"2026-04-08T19:00:59","slug":"napsugar-hotel-oroshaza","status":"publish","type":"page","link":"https:\/\/vargawebstudio.hu\/wpuj\/en\/napsugar-hotel-oroshaza\/","title":{"rendered":"Napsug\u00e1r Hotel Orosh\u00e1za"},"content":{"rendered":"<p>[et_pb_section fb_built=&#8221;1&#8243; admin_label=&#8221;section&#8221; _builder_version=&#8221;4.16&#8243; global_colors_info=&#8221;{}&#8221; theme_builder_area=&#8221;post_content&#8221;][et_pb_row column_structure=&#8221;1_2,1_2&#8243; admin_label=&#8221;row&#8221; _builder_version=&#8221;4.16&#8243; background_size=&#8221;initial&#8221; background_position=&#8221;top_left&#8221; background_repeat=&#8221;repeat&#8221; global_colors_info=&#8221;{}&#8221; theme_builder_area=&#8221;post_content&#8221;][et_pb_column type=&#8221;1_2&#8243; _builder_version=&#8221;4.16&#8243; custom_padding=&#8221;|||&#8221; global_colors_info=&#8221;{}&#8221; custom_padding__hover=&#8221;|||&#8221; theme_builder_area=&#8221;post_content&#8221;][et_pb_heading title=&#8221;Napsug\u00e1r Hotel Orosh\u00e1za Gyop\u00e1rosf\u00fcrd\u0151 &#8221; admin_label=&#8221;R\u00f3lunk&#8221; _builder_version=&#8221;4.27.6&#8243; _module_preset=&#8221;default&#8221; hover_enabled=&#8221;0&#8243; global_colors_info=&#8221;{}&#8221; theme_builder_area=&#8221;post_content&#8221; sticky_enabled=&#8221;0&#8243;][\/et_pb_heading][et_pb_text _builder_version=&#8221;4.27.6&#8243; _module_preset=&#8221;default&#8221; hover_enabled=&#8221;0&#8243; global_colors_info=&#8221;{}&#8221; theme_builder_area=&#8221;post_content&#8221; sticky_enabled=&#8221;0&#8243;]<\/p>\n<p data-start=\"58\" data-end=\"126\"><strong data-start=\"58\" data-end=\"126\">Welcome to the website of Napsug\u00e1r Hotel Orosh\u00e1za Gyop\u00e1rosf\u00fcrd\u0151!<\/strong><\/p>\n<p data-start=\"128\" data-end=\"645\">We warmly welcome you to the website of Napsug\u00e1r Hotel Orosh\u00e1za Gyop\u00e1rosf\u00fcrd\u0151. The breathtaking beauty of Lake Gyop\u00e1ros and its surroundings, along with the \u201chealing power\u201d of its water, has been attracting visitors seeking relaxation and recovery for nearly one and a half centuries. Thanks to its historical background and continuous modern developments, Gyop\u00e1rosf\u00fcrd\u0151 has become one of the most significant and popular spa destinations in the Southern Great Plain \u2013 and without exaggeration, in the entire country.<\/p>\n<p data-start=\"647\" data-end=\"936\">Often referred to as the \u201cpearl of the Great Plain,\u201d Gyop\u00e1rosf\u00fcrd\u0151 offers a unique combination of a beach, adventure spa, thermal bath, sports center, and natural open-water recreational area. It provides excellent relaxation opportunities for both adults and children throughout the year.<\/p>\n<p data-start=\"938\" data-end=\"1101\">Gyop\u00e1rosf\u00fcrd\u0151 also offers a wide range of accommodation options. Napsug\u00e1r Hotel Orosh\u00e1za strives to satisfy its guests with warm hospitality and reasonable prices.<\/p>\n<p data-start=\"1103\" data-end=\"1260\">Thanks to the covered and heated corridor built in 2002, guests of Napsug\u00e1r Hotel Gyop\u00e1rosf\u00fcrd\u0151 can comfortably walk to the spa all year round in a bathrobe.<\/p>\n<p data-start=\"1262\" data-end=\"1415\">In the restaurant of Napsug\u00e1r Hotel Gyop\u00e1rosf\u00fcrd\u0151, we welcome both our hotel guests and visitors without accommodation with breakfast, lunch, and dinner.<\/p>\n<p data-start=\"1417\" data-end=\"1482\">We look forward to welcoming you to Napsug\u00e1r Hotel Gyop\u00e1rosf\u00fcrd\u0151!<\/p>\n<p data-start=\"1484\" data-end=\"1578\">We wish you a pleasant stay and a relaxing time!<br data-start=\"1532\" data-end=\"1535\" \/><strong data-start=\"1535\" data-end=\"1578\">Because with us, the guest comes first!<\/strong><\/p>\n<p data-start=\"1580\" data-end=\"1643\"><strong data-start=\"1580\" data-end=\"1596\">J\u00f3zsef Bazs\u00f3<\/strong><br data-start=\"1596\" data-end=\"1599\" \/>Hotel Manager<br data-start=\"1612\" data-end=\"1615\" \/>Napsug\u00e1r Hotel Gyop\u00e1rosf\u00fcrd\u0151<\/p>\n<p data-start=\"1645\" data-end=\"1757\">Gyop\u00e1rosf\u00fcrd\u0151 accommodation | Napsug\u00e1r Hotel Orosh\u00e1za | Gyop\u00e1rosf\u00fcrd\u0151 hotel | Orosh\u00e1za accommodation<\/p>\n<p>[\/et_pb_text][\/et_pb_column][et_pb_column type=&#8221;1_2&#8243; _builder_version=&#8221;4.16&#8243; custom_padding=&#8221;|||&#8221; global_colors_info=&#8221;{}&#8221; custom_padding__hover=&#8221;|||&#8221; theme_builder_area=&#8221;post_content&#8221;][et_pb_image src=&#8221;https:\/\/vargawebstudio.hu\/wpuj\/wp-content\/uploads\/2026\/03\/napsugarhorel.jpg&#8221; title_text=&#8221;napsugarhorel&#8221; _builder_version=&#8221;4.27.6&#8243; _module_preset=&#8221;default&#8221; hover_enabled=&#8221;0&#8243; global_colors_info=&#8221;{}&#8221; theme_builder_area=&#8221;post_content&#8221; border_radii=&#8221;off||30px||&#8221; sticky_enabled=&#8221;0&#8243;][\/et_pb_image][\/et_pb_column][\/et_pb_row][\/et_pb_section]<\/p>\n","protected":false},"excerpt":{"rendered":"<p>Welcome to the website of Napsug\u00e1r Hotel Orosh\u00e1za Gyop\u00e1rosf\u00fcrd\u0151! We warmly welcome you to the website of Napsug\u00e1r Hotel Orosh\u00e1za Gyop\u00e1rosf\u00fcrd\u0151. The breathtaking beauty of Lake Gyop\u00e1ros and its surroundings, along with the \u201chealing power\u201d of its water, has been attracting visitors seeking relaxation and recovery for nearly one and a half centuries. Thanks to [&hellip;]<\/p>\n","protected":false},"author":1,"featured_media":0,"parent":0,"menu_order":0,"comment_status":"closed","ping_status":"closed","template":"","meta":{"_et_pb_use_builder":"on","_et_pb_old_content":"","_et_gb_content_width":"","footnotes":""},"class_list":["post-5226","page","type-page","status-publish","hentry"],"_links":{"self":[{"href":"https:\/\/vargawebstudio.hu\/wpuj\/wp-json\/wp\/v2\/pages\/5226","targetHints":{"allow":["GET"]}}],"collection":[{"href":"https:\/\/vargawebstudio.hu\/wpuj\/wp-json\/wp\/v2\/pages"}],"about":[{"href":"https:\/\/vargawebstudio.hu\/wpuj\/wp-json\/wp\/v2\/types\/page"}],"author":[{"embeddable":true,"href":"https:\/\/vargawebstudio.hu\/wpuj\/wp-json\/wp\/v2\/users\/1"}],"replies":[{"embeddable":true,"href":"https:\/\/vargawebstudio.hu\/wpuj\/wp-json\/wp\/v2\/comments?post=5226"}],"version-history":[{"count":2,"href":"https:\/\/vargawebstudio.hu\/wpuj\/wp-json\/wp\/v2\/pages\/5226\/revisions"}],"predecessor-version":[{"id":5229,"href":"https:\/\/vargawebstudio.hu\/wpuj\/wp-json\/wp\/v2\/pages\/5226\/revisions\/5229"}],"wp:attachment":[{"href":"https:\/\/vargawebstudio.hu\/wpuj\/wp-json\/wp\/v2\/media?parent=5226"}],"curies":[{"name":"wp","href":"https:\/\/api.w.org\/{rel}","templated":true}]}}